6 + -36?
-74
In base 13, what is 31 - 0?
31
In base 8, what is 437 - -3?
442
In base 13, what is -8c2 + 5?
-8ba
In base 10, what is 56 - 0?
56
In base 12, what is -9a - 38?
-116
In base 12, what is 4 + -b1?
-a9
In base 6, what is -2 + -501?
-503
In base 5, what is -1014 - 1?
-1020
In base 8, what is 2207 + 0?
2207
In base 2, what is 1 + -110110001?
-110110000
In base 14, what is -a9 - -5?
-a4
In base 3, what is -1122221 - -11?
-1122210
In base 11, what is 2 - 5?
-3
In base 8, what is 4 + -351?
-345
In base 3, what is 111211112 - -11?
111211200
In base 10, what is -8 - 11?
-19
In base 16, what is -5 + 14?
f
In base 11, what is 3a8 + 3?
400
In base 12, what is -2 - -3a?
38
In base 16, what is 5 + 28?
2d
In base 8, what is -6 - 61?
-67
In base 2, what is 1001000101111101 + 0?
1001000101111101
In base 14, what is -103 + -10?
-113
In base 9, what is -1541 - -14?
-1526
In base 12, what is -5 - 2a?
-33
In base 11, what is -2637 - 7?
-2643
In base 14, what is -14 + -1c4?
-1d8
In base 7, what is 404 + 16?
423
In base 10, what is -155 - 8?
-163
In base 7, what is 2123 + 44?
2200
In base 6, what is 1551 + 14?
2005
In base 2, what is 1 + 111011110?
111011111
In base 10, what is 5 + 119?
124
In base 9, what is -4 + 24?
20
In base 11, what is 2 - 3a3?
-3a1
In base 11, what is 1373 - 0?
1373
In base 8, what is 64 - 77?
-13
In base 11, what is 153 + 3?
156
In base 2, what is -11100101 + 0?
-11100101
In base 4, what is 2122 + -11?
2111
In base 13, what is 1a - 1?
19
In base 16, what is 3 - -13?
16
In base 9, what is 11337 - -5?
11343
In base 9, what is 514 + -4?
510
In base 7, what is 3 + 3234?
3240
In base 3, what is -112 - -12?
-100
In base 14, what is 4 + -154?
-150
In base 2, what is 101010 + 0?
101010
In base 6, what is 0 - 402?
-402
In base 5, what is -1 - 204?
-210
In base 3, what is 12 - 121120?
-121101
In base 3, what is -101 - -202002?
201201
In base 3, what is 1 + -20020?
-20012
In base 16, what is 26 - -2?
28
In base 3, what is 2012 - -20?
2102
In base 10, what is -369 + -2?
-371
In base 2, what is 1011 + -110100?
-101001
In base 5, what is 0 - -30313?
30313
In base 9, what is 12 + -7?
4
In base 16, what is 8 + d?
15
In base 13, what is -11 - -86?
75
In base 8, what is -3 + 11?
6
In base 4, what is 13220 + -10?
13210
In base 7, what is 414 + -5?
406
In base 10, what is -107 - -50?
-57
In base 14, what is 8b + 0?
8b
In base 13, what is 4 + -37?
-33
In base 4, what is -21123201 - -10?
-21123131
In base 7, what is -1120 - 11?
-1131
In base 13, what is 2a - 99?
-6c
In base 9, what is -12 - 4?
-16
In base 4, what is 0 + 1021?
1021
In base 16, what is -5 - -1b?
16
In base 10, what is 135 - -25?
160
In base 10, what is -87 - 2?
-89
In base 6, what is -1331 + -33?
-1404
In base 14, what is 19 - 7?
12
In base 2, what is 1010001000010 + -11?
1010000111111
In base 15, what is -3 - -14a7?
14a4
In base 8, what is -111 + 13?
-76
In base 13, what is -127a - 3?
-1280
In base 16, what is 0 - -7ac?
7ac
In base 15, what is cca - 5?
cc5
In base 2, what is -1001 - -1?
-1000
In base 7, what is -6531 - 2?
-6533
In base 5, what is 0 - 1030?
-1030
In base 9, what is -1070 - 5?
-1075
In base 10, what is 5 - -61?
66
In base 3, what is -202 + -22?
-1001
In base 2, what is 110111110001 + 1?
110111110010
In base 14, what is -5 - -7?
2
In base 14, what is -88 - 0?
-88
In base 11, what is 38 - -2?
3a
In base 4, what is 2 + -200011?
-200003
In base 12, what is 26 - -8?
32
In base 12, what is 1 + 238?
239
In base 13, what is -3 - 4a?
-50
In base 2, what is 10 - -1100010010?
1100010100
In base 5, what is 123 + 10?
133
In base 16, what is 1 - 55d?
-55c
In base 15, what is -38 - -1b?
-1c
In base 9, what is 102 - -3?
105
In base 8, what is -75 + -263?
-360
In base 4, what is -20 + 201?
121
In base 4, what is -3 + -2330?
-2333
In base 7, what is -234 - -2?
-232
In base 2, what is 10101111 - -110101?
11100100
In base 7, what is -122 - 0?
-122
In base 9, what is 2 - 80?
-77
In base 14, what is 0 + -23?
-23
In base 8, what is 17 + -55?
-36
In base 8, what is 223 - 2?
221
In base 7, what is -3 + -100?
-103
In base 5, what is -1133 - 10?
-1143
In base 15, what is -5 - -52?
4c
In base 11, what is 89 - -189?
267
In base 15, what is 2 + -b03?
-b01
In base 12, what is 15 - -1?
16
In base 10, what is -4 + 6114?
6110
In base 14, what is -6 + 6?
0
In base 15, what is d - 6?
7
In base 13, what is 1b80 - 0?
1b80
In base 5, what is 11 + -420?
-404
In base 12, what is -5 - 24?
-29
In base 16, what is -5c + -3?
-5f
In base 11, what is 2 - -33?
35
In base 9, what is 60 - -30?
100
In base 6, what is -34 + 101?
23
In base 9, what is -5 + -60?
-65
In base 9, what is -3 - -523?
520
In base 14, what is 169 + -3?
166
In base 6, what is -13 + 41?
24
In base 7, what is -3 - 555?
-561
In base 7, what is -15 + 116?
101
In base 15, what is 4 + 18?
1c
In base 5, what is 1 - 2323?
-2322
In base 4, what is -22 + -2011?
-2033
In base 7, what is 144 + -5?
136
In base 16, what is -e36 + 3?
-e33
In base 4, what is 2 + 233?
301
In base 9, what is -42 - 4?
-46
In base 2, what is 11 - 101001?
-100110
In base 11, what is -3966 - 0?
-3966
In base 3, what is -121 + -10011?
-10202
In base 3, what is 0 + 111?
111
In base 13, what is -62 + 1?
-61
In base 11, what is 5 - -33?
38
In base 15, what is 313 + 2?
315
In base 10, what is 483 - 10?
473
In base 11, what is 3 - 12?
-a
In base 6, what is -33 - -3?
-30
In base 9, what is 1 + -170?
-168
In base 5, what is -1 - -1104?
1103
In base 14, what is -229 - -5?
-224
In base 2, what is 101011101 + 1?
101011110
In base 8, what is 3 + 372?
375
In base 16, what is 2 - -99?
9b
In base 5, what is 3003 - 0?
3003
In base 12, what is -2 - 52?
-54
In base 3, what is -22 - 220?
-1012
In base 6, what is 1301 + -2?
1255
In base 8, what is 0 + -32?
-32
In base 2, what is -101110010 + -1010?
-101111100
In base 13, what is -840 + -4?
-844
In base 15, what is -679 + 0?
-679
In base 6, what is 0 + -15?
-15
In base 14, what is -2 + -17d?
-181
In base 6, what is 23424 + -1?
23423
In base 9, what is 6 + 171?
177
In base 11, what is -69 + -2?
-70
In base 16, what is -1cd + -4?
-1d1
In base 14, what is 25 + -559?
-534
In base 15, what is 33 - 1?
32
In base 3, what is -1000 - -2002?
1002
In base 14, what is 412 - -2?
414
In base 15, what is -2 - -43d?
43b
In base 8, what is -2 - -77?
75
In base 6, what is -4 + -125?
-133
In base 8, what is 5 - -140?
145
In base 16, what is 4 - 23?
-1f
In base 5, what is -243 + -3?
-301
In base 13, what is -109 - 5?
-111
In base 5, what is 4324 - -4?
4333
In base 9, what is 1 + 52?
53
In base 5, what is 10 + 2410?
2420
In base 5, what is -120 - -30?
-40
In base 3, what is -2222112 - -100?
-2222012
In base 13, what is 86 - -2?
88
In base 16, what is -3 - -995?
992
In base 11, what is -4 - 522?
-526
In base 4, what is 132 - -11?
203
In base 10, what is -123 - 2?
-125
In base 10, what is 303 + -9?
294
In base 15, what is 3763 + 4?
3767
In base 3, what is -112212220 + 12?
-112212201
In base 5, what is -2 - 132?
-134
In base 16, what is 5 - 5a?
-55
In base 12, what is 101 + 5?
106
In base 13, what is -38 + -6?
-41
In base 6, what is -142343 - -3?
-142340
In base 14, what is 10 + 142?
152
In base 11, what is 3 - 4333?
-4330
In base 16, what is 5 + -3f?
-3a
In base 9, what is -1 + -8?
-10
In base 11, what is -6909 + 0?
-6909
In base 16, what is -56e + -1?
-56f
In base 7, what is 1020 - 24?
663
In base 7, what is -603 + 116?
-454
In base 11, what is 48 - -37?
84
In base 15, what is -2e + 2?
-2c
In base 13, what is 15 + 6?
1b
In base 13, what is 3 + -24?
-21
In base 14, what is 8 + 4?
c
In base 12, what is -3 - -12?
b
In base 16, what is 5b - 11?
4a
In base 10, what is -13 + -37?
-50
In base 14, what is -212 - 5?
-217
In base 3, what is 1 + -101?
-100
In base 2, what is -101 + 111?
10
In base 7, what is 22 + 15?
40
In base 5, what is -200034 + -2?
-200041
In base 10, what is -861 + 0?
-861
In base 5, what is -10 + -2023?
-2033
In base 8, what is -3 - -563?
560
In base 12, what is -7 + 7?
0
In base 5, what is 12 + 240?
302
In base 2, what is -11110 - 110?
-100100
In base 15, what is -34 - 0?
-34
In base 14, what is 356 + -2?
354
In base 12, what is 14 + 5a3?
5b7
In base 9, what is 12 + -13?
-1
In base 5, what is -331 + -11?
-342
In base 8, what is -13 - 7?
-22
In base 4, what is 210